{"id":428,"date":"2016-05-09T19:33:09","date_gmt":"2016-05-09T17:33:09","guid":{"rendered":"http:\/\/www.lauterbacher-musikschule.de\/?page_id=428"},"modified":"2017-09-13T14:52:55","modified_gmt":"2017-09-13T12:52:55","slug":"presse","status":"publish","type":"page","link":"https:\/\/www.lauterbacher-musikschule.de\/?page_id=428","title":{"rendered":"Presse"},"content":{"rendered":"<p>Das Pressearchiv der Lauterbacher Musikschule<\/p>\n<p>Sie k\u00f6nnen alle Presseartikel anzeigen lassen und herunter laden.<\/p>\n<h4>2017<\/h4>\n<p><a href=\"http:\/\/www.lauterbacher-musikschule.de\/wp-content\/uploads\/2017\/09\/2017-09-13_Lauterbacher_Anzeiger_Seite_17.pdf\" target=\"_blank\" rel=\"noopener\"><strong>Eine Stadt, zwei Musikschulen<\/strong> &#8211; Lauterbacher Anzeiger &#8211; 13. September 2017<\/a><\/p>\n<h4>2016<\/h4>\n<p><strong><a href=\"http:\/\/www.lauterbacher-musikschule.de\/wp-content\/uploads\/2016\/12\/2016-04-21_Lauterbacher-Anzeiger_Seite_18.pdf\" target=\"_blank\" rel=\"noopener\">Musikunterricht f\u00fcr junge Fl\u00fcchtlinge <\/a><\/strong><a href=\"http:\/\/www.lauterbacher-musikschule.de\/wp-content\/uploads\/2016\/12\/2016-04-21_Lauterbacher-Anzeiger_Seite_18.pdf\" target=\"_blank\" rel=\"noopener\">&#8211; Lauterbacher Anzeiger &#8211; 21. April 2016<\/a><\/p>\n<p><strong><a href=\"http:\/\/www.lauterbacher-musikschule.de\/wp-content\/uploads\/2016\/12\/2016-04-26_Lauterbacher-Anzeiger_Seite_17.pdf\" target=\"_blank\" rel=\"noopener\">Geld f\u00fcr integratives Musikprojekt <\/a><\/strong><a href=\"http:\/\/www.lauterbacher-musikschule.de\/wp-content\/uploads\/2016\/12\/2016-04-26_Lauterbacher-Anzeiger_Seite_17.pdf\" target=\"_blank\" rel=\"noopener\">&#8211; Lauterbacher Anzeiger &#8211; 26. April 2016<\/a><\/p>\n<p><strong><a href=\"http:\/\/www.lauterbacher-musikschule.de\/wp-content\/uploads\/2016\/05\/2016-05-02_lauterbacher_anzeiger_Seite_17.pdf\" target=\"_blank\" rel=\"noopener\">Souver\u00e4nit\u00e4t trifft Intensit\u00e4t und Tiefe <\/a><\/strong><a href=\"http:\/\/www.lauterbacher-musikschule.de\/wp-content\/uploads\/2016\/05\/2016-05-02_lauterbacher_anzeiger_Seite_17.pdf\" target=\"_blank\" rel=\"noopener\">\u2013 Lauterbacher Anzeiger &#8211; 2. Mai 2016<\/a><\/p>\n<p><strong><a href=\"http:\/\/www.lauterbacher-musikschule.de\/wp-content\/uploads\/2016\/12\/2016-05-10_Lauterbacher_Anzeiger_Seite_19.pdf\" target=\"_blank\" rel=\"noopener\">Musik ohne Grenzen <\/a><\/strong><a href=\"http:\/\/www.lauterbacher-musikschule.de\/wp-content\/uploads\/2016\/12\/2016-05-10_Lauterbacher_Anzeiger_Seite_19.pdf\" target=\"_blank\" rel=\"noopener\">&#8211; Lauterbacher Anzeiger <\/a><a href=\"http:\/\/www.lauterbacher-musikschule.de\/wp-content\/uploads\/2016\/12\/2016-05-10_Lauterbacher_Anzeiger_Seite_19.pdf\" target=\"_blank\" rel=\"noopener\">&#8211; 10. Mai 2016<\/a><\/p>\n<p><strong><a href=\"http:\/\/www.lauterbacher-musikschule.de\/wp-content\/uploads\/2016\/12\/2016-07-13_Lauterbacher_Anzeiger_Seite_15.pdf\" target=\"_blank\" rel=\"noopener\">Musikalischer Fr\u00fchschoppen mit zwei Bands <\/a><\/strong><a href=\"http:\/\/www.lauterbacher-musikschule.de\/wp-content\/uploads\/2016\/12\/2016-07-13_Lauterbacher_Anzeiger_Seite_15.pdf\" target=\"_blank\" rel=\"noopener\">&#8211; Lauterbacher Anzeiger &#8211; 13. Juli 2016<\/a><\/p>\n<p><strong><a href=\"http:\/\/www.lauterbacher-musikschule.de\/wp-content\/uploads\/2016\/12\/2016-07-15_Lauterbacher_Anzeiger_Seite_15.pdf\" target=\"_blank\" rel=\"noopener\">9622 Euro f\u00fcr HeimatMusik <\/a><\/strong><a href=\"http:\/\/www.lauterbacher-musikschule.de\/wp-content\/uploads\/2016\/12\/2016-07-15_Lauterbacher_Anzeiger_Seite_15.pdf\" target=\"_blank\" rel=\"noopener\">&#8211; Lauterbacher Anzeiger <\/a><a href=\"http:\/\/www.lauterbacher-musikschule.de\/wp-content\/uploads\/2016\/12\/2016-07-15_Lauterbacher_Anzeiger_Seite_15.pdf\" target=\"_blank\" rel=\"noopener\">&#8211; 15. Juli 2016<\/a><\/p>\n<p><a href=\"http:\/\/www.lauterbacher-musikschule.de\/wp-content\/uploads\/2016\/12\/2016-07-16_Lauterbacher_Anzeiger_Seite_23.pdf\" target=\"_blank\" rel=\"noopener\"><strong>Streichkonfekt auf einem hohen Niveau <\/strong>&#8211;\u00a0\u00a0Lauterbacher Anzeiger &#8211; 16. Juli 2016<\/a><\/p>\n<p><strong><a href=\"http:\/\/www.lauterbacher-musikschule.de\/wp-content\/uploads\/2016\/12\/2016-07-20_Lauterbacher_Anzeiger_Seite_16.pdf\" target=\"_blank\" rel=\"noopener\">Schuljahresabschluss mit Schlagzeug und Klavier <\/a><\/strong><a href=\"http:\/\/www.lauterbacher-musikschule.de\/wp-content\/uploads\/2016\/12\/2016-07-20_Lauterbacher_Anzeiger_Seite_16.pdf\" target=\"_blank\" rel=\"noopener\">&#8211; Lauterbacher Anzeiger &#8211; 20. Juli 2016<\/a><\/p>\n<p><strong><a href=\"http:\/\/www.lauterbacher-musikschule.de\/wp-content\/uploads\/2016\/12\/2016-11-19_Lauterbacher_Anzeiger_Seite_24.pdf\" target=\"_blank\" rel=\"noopener\">Proben laufen auf Hochtouren <\/a><\/strong><a href=\"http:\/\/www.lauterbacher-musikschule.de\/wp-content\/uploads\/2016\/12\/2016-11-19_Lauterbacher_Anzeiger_Seite_24.pdf\" target=\"_blank\" rel=\"noopener\">&#8211; Lauterbacher Anzeiger &#8211; 19. November 2016<\/a><\/p>\n<p><strong><a href=\"http:\/\/www.lauterbacher-musikschule.de\/wp-content\/uploads\/2016\/12\/2016-12-20_Lauterbacher_Anzeiger_Seite_18.pdf\" target=\"_blank\" rel=\"noopener\">Gemeinsame Heimat, die bunt und vielf\u00e4ltig ist <\/a><\/strong><a href=\"http:\/\/www.lauterbacher-musikschule.de\/wp-content\/uploads\/2016\/12\/2016-12-20_Lauterbacher_Anzeiger_Seite_18.pdf\" target=\"_blank\" rel=\"noopener\">&#8211; Lauterbacher Anuzeiger &#8211; 20. Dezember 2016<\/a><\/p>\n","protected":false},"excerpt":{"rendered":"<p>Das Pressearchiv der Lauterbacher Musikschule Sie k\u00f6nnen alle Presseartikel anzeigen lassen und herunter laden. 2017 Eine Stadt, zwei Musikschulen &#8211; Lauterbacher Anzeiger &#8211; 13. September 2017 2016 Musikunterricht f\u00fcr junge Fl\u00fcchtlinge &#8211; Lauterbacher Anzeiger &#8211; 21. April 2016 Geld f\u00fcr &hellip; <a href=\"https:\/\/www.lauterbacher-musikschule.de\/?page_id=428\">Weiter<\/a><\/p>\n","protected":false},"author":1,"featured_media":0,"parent":0,"menu_order":0,"comment_status":"closed","ping_status":"closed","template":"","meta":{"kt_blocks_editor_width":"","footnotes":""},"class_list":["post-428","page","type-page","status-publish","hentry"],"_links":{"self":[{"href":"https:\/\/www.lauterbacher-musikschule.de\/index.php?rest_route=\/wp\/v2\/pages\/428","targetHints":{"allow":["GET"]}}],"collection":[{"href":"https:\/\/www.lauterbacher-musikschule.de\/index.php?rest_route=\/wp\/v2\/pages"}],"about":[{"href":"https:\/\/www.lauterbacher-musikschule.de\/index.php?rest_route=\/wp\/v2\/types\/page"}],"author":[{"embeddable":true,"href":"https:\/\/www.lauterbacher-musikschule.de\/index.php?rest_route=\/wp\/v2\/users\/1"}],"replies":[{"embeddable":true,"href":"https:\/\/www.lauterbacher-musikschule.de\/index.php?rest_route=%2Fwp%2Fv2%2Fcomments&post=428"}],"version-history":[{"count":7,"href":"https:\/\/www.lauterbacher-musikschule.de\/index.php?rest_route=\/wp\/v2\/pages\/428\/revisions"}],"predecessor-version":[{"id":748,"href":"https:\/\/www.lauterbacher-musikschule.de\/index.php?rest_route=\/wp\/v2\/pages\/428\/revisions\/748"}],"wp:attachment":[{"href":"https:\/\/www.lauterbacher-musikschule.de\/index.php?rest_route=%2Fwp%2Fv2%2Fmedia&parent=428"}],"curies":[{"name":"wp","href":"https:\/\/api.w.org\/{rel}","templated":true}]}}