{"id":795,"date":"2017-11-30T16:36:26","date_gmt":"2017-11-30T15:36:26","guid":{"rendered":"http:\/\/www.lauterbacher-musikschule.de\/?page_id=795"},"modified":"2018-02-27T17:53:34","modified_gmt":"2018-02-27T16:53:34","slug":"klingt-gut","status":"publish","type":"page","link":"https:\/\/www.lauterbacher-musikschule.de\/?page_id=795","title":{"rendered":"Orchester &#8211; Klingt gut"},"content":{"rendered":"<h1><\/h1>\n<h4><img loading=\"lazy\" decoding=\"async\" class=\"alignleft wp-image-836\" src=\"http:\/\/www.lauterbacher-musikschule.de\/wp-content\/uploads\/2018\/02\/IMG_0174-300x225.jpg\" alt=\"\" width=\"500\" height=\"375\" srcset=\"https:\/\/www.lauterbacher-musikschule.de\/wp-content\/uploads\/2018\/02\/IMG_0174-300x225.jpg 300w, https:\/\/www.lauterbacher-musikschule.de\/wp-content\/uploads\/2018\/02\/IMG_0174-768x576.jpg 768w, https:\/\/www.lauterbacher-musikschule.de\/wp-content\/uploads\/2018\/02\/IMG_0174-1024x768.jpg 1024w, https:\/\/www.lauterbacher-musikschule.de\/wp-content\/uploads\/2018\/02\/IMG_0174.jpg 2049w\" sizes=\"auto, (max-width: 500px) 100vw, 500px\" \/><\/h4>\n<h1>Klingt gut.<\/h1>\n<p>Soviel ist sicher. Deshalb gibt es an der Lauterbacher Musikschule jetzt ein Orchester f\u00fcr alle. Streicher, Bl\u00e4ser, Gitarristen, Pianisten, Schlagzeuger: jeder kann mitmachen, Sch\u00fcler der Musikschule und andere interessierte Musikerinnen und Musiker. Alle, die etwas Erfahrung auf ihrem Instrument haben und gerne zusammen mit anderen Musik machen wollen.<\/p>\n<p>Gespielt wird, was Spa\u00df macht: Rock, Pop, Klassik, Filmmusik\u2026 Die Arrangements sind so aufgebaut, dass Anf\u00e4nger und Fortgeschrittene gemeinsam musizieren k\u00f6nnen, und was dabei heraus kommt klingt gut.<\/p>\n<p>&nbsp;<\/p>\n<p><strong>Probe: Mittwoch 17.30 Uhr<\/strong><\/p>\n<p><strong>Gr\u00fcndung 2017<\/strong><\/p>\n<p><strong>Besetzung:\u00a0Trompete Tenorhorn, Posaune, Klarinette, Fl\u00f6te, Saxophon, Tuba<\/strong><\/p>\n<p><strong>noch gesucht:<\/strong> Schlagzeug, Trompete Tenorhorn, Posaune, Klarinette, Fl\u00f6te, Saxophon, Tuba, Streichinstrumente, E-Bass, Gitarre &#8230;<\/p>\n<p><strong>Voraussetzungen:<\/strong> geeignet f\u00fcr Anf\u00e4nger mit Grundkenntnissen (etwa 1 Jahr Unterricht) und Fortgeschrittene. In der gemischten Gruppe lernt einer vom anderen.<\/p>\n<p><b>Leitung: Klaus Scheuer<\/b><\/p>\n<p><i>Klaus Scheuer hat \u00fcber Jahre Erfahrung als Orchesterleiter gesammelt. Er arbeitet mit Bl\u00e4serklassen, Jugendorchestern und erwachsenen Besetzungen, am liebsten aber mit Jung und Alt gemeinsam. Er ist Schulleiter der Lauterbacher Musikschule und Lehrer f\u00fcr verschiedene Blechblasinstrumente.<\/i><\/p>\n","protected":false},"excerpt":{"rendered":"<p>Klingt gut. Soviel ist sicher. Deshalb gibt es an der Lauterbacher Musikschule jetzt ein Orchester f\u00fcr alle. Streicher, Bl\u00e4ser, Gitarristen, Pianisten, Schlagzeuger: jeder kann mitmachen, Sch\u00fcler der Musikschule und andere interessierte Musikerinnen und Musiker. Alle, die etwas Erfahrung auf ihrem &hellip; <a href=\"https:\/\/www.lauterbacher-musikschule.de\/?page_id=795\">Weiter<\/a><\/p>\n","protected":false},"author":1,"featured_media":836,"parent":177,"menu_order":0,"comment_status":"closed","ping_status":"closed","template":"","meta":{"kt_blocks_editor_width":"","footnotes":""},"class_list":["post-795","page","type-page","status-publish","has-post-thumbnail","hentry"],"_links":{"self":[{"href":"https:\/\/www.lauterbacher-musikschule.de\/index.php?rest_route=\/wp\/v2\/pages\/795","targetHints":{"allow":["GET"]}}],"collection":[{"href":"https:\/\/www.lauterbacher-musikschule.de\/index.php?rest_route=\/wp\/v2\/pages"}],"about":[{"href":"https:\/\/www.lauterbacher-musikschule.de\/index.php?rest_route=\/wp\/v2\/types\/page"}],"author":[{"embeddable":true,"href":"https:\/\/www.lauterbacher-musikschule.de\/index.php?rest_route=\/wp\/v2\/users\/1"}],"replies":[{"embeddable":true,"href":"https:\/\/www.lauterbacher-musikschule.de\/index.php?rest_route=%2Fwp%2Fv2%2Fcomments&post=795"}],"version-history":[{"count":11,"href":"https:\/\/www.lauterbacher-musikschule.de\/index.php?rest_route=\/wp\/v2\/pages\/795\/revisions"}],"predecessor-version":[{"id":912,"href":"https:\/\/www.lauterbacher-musikschule.de\/index.php?rest_route=\/wp\/v2\/pages\/795\/revisions\/912"}],"up":[{"embeddable":true,"href":"https:\/\/www.lauterbacher-musikschule.de\/index.php?rest_route=\/wp\/v2\/pages\/177"}],"wp:featuredmedia":[{"embeddable":true,"href":"https:\/\/www.lauterbacher-musikschule.de\/index.php?rest_route=\/wp\/v2\/media\/836"}],"wp:attachment":[{"href":"https:\/\/www.lauterbacher-musikschule.de\/index.php?rest_route=%2Fwp%2Fv2%2Fmedia&parent=795"}],"curies":[{"name":"wp","href":"https:\/\/api.w.org\/{rel}","templated":true}]}}