{"id":851,"date":"2018-02-26T17:59:38","date_gmt":"2018-02-26T16:59:38","guid":{"rendered":"http:\/\/www.lauterbacher-musikschule.de\/?page_id=851"},"modified":"2018-02-27T17:53:47","modified_gmt":"2018-02-27T16:53:47","slug":"perkussionsensemble","status":"publish","type":"page","link":"https:\/\/www.lauterbacher-musikschule.de\/?page_id=851","title":{"rendered":"Perkussionsensemble &#8211; LauterKids"},"content":{"rendered":"<p>&nbsp;<\/p>\n<h1><img loading=\"lazy\" decoding=\"async\" class=\"wp-image-852 alignleft\" src=\"http:\/\/www.lauterbacher-musikschule.de\/wp-content\/uploads\/2018\/02\/IMG_0205-300x225.jpg\" alt=\"\" width=\"500\" height=\"375\" srcset=\"https:\/\/www.lauterbacher-musikschule.de\/wp-content\/uploads\/2018\/02\/IMG_0205-300x225.jpg 300w, https:\/\/www.lauterbacher-musikschule.de\/wp-content\/uploads\/2018\/02\/IMG_0205-768x576.jpg 768w, https:\/\/www.lauterbacher-musikschule.de\/wp-content\/uploads\/2018\/02\/IMG_0205-1024x768.jpg 1024w, https:\/\/www.lauterbacher-musikschule.de\/wp-content\/uploads\/2018\/02\/IMG_0205.jpg 2049w\" sizes=\"auto, (max-width: 500px) 100vw, 500px\" \/>LauterKids<\/h1>\n<p>&nbsp;<\/p>\n<p>Die Perkussionsgruppe LauterKids wurde 2017 gegr\u00fcndet. Hier lernen Schlagzeugsch\u00fcler die Vielfalt der Perkussionsmusik kennen. Spielen nach Noten und Kennenlernen von Improvisation und alles spielerisch und mit Spa\u00df ist nicht nur f\u00fcr unsere j\u00fcngeren Sch\u00fclerinnen und Sch\u00fcler genau das richtige.<\/p>\n<p>&nbsp;<\/p>\n<p>&nbsp;<\/p>\n<p>&nbsp;<\/p>\n<p>&nbsp;<\/p>\n<p>&nbsp;<\/p>\n<p><strong>Probe: Montag 16.30 Uhr<\/strong><\/p>\n<p><strong>Gr\u00fcndung: 2016<\/strong><\/p>\n<p><strong>Besetzung:<\/strong> Perkussionsinstrumente, Schlagzeug<\/p>\n<p><strong>noch gesucht:<\/strong> Schlagzeug, Perkussion<\/p>\n<p><strong>Voraussetzungen:<\/strong> Grundkenntnisse am Schlagzeug<\/p>\n<p><strong>Leitung: Berthold M\u00f6ller<\/strong><\/p>\n<p><i>Berthold M\u00f6ller hat langj\u00e4hrige Erfahrung als Schlagzeuglehrer an der Lauterbacher Musikschule. Er ist au\u00dferdem Instrumentalp\u00e4dagoge an der Justus-Liebig-Universit\u00e4t Gie\u00dfen. Berthold M\u00f6ller ist als Jazzmusiker weit \u00fcber die Region hinaus aktiv.\u00a0<\/i><\/p>\n","protected":false},"excerpt":{"rendered":"<p>&nbsp; LauterKids &nbsp; Die Perkussionsgruppe LauterKids wurde 2017 gegr\u00fcndet. Hier lernen Schlagzeugsch\u00fcler die Vielfalt der Perkussionsmusik kennen. Spielen nach Noten und Kennenlernen von Improvisation und alles spielerisch und mit Spa\u00df ist nicht nur f\u00fcr unsere j\u00fcngeren Sch\u00fclerinnen und Sch\u00fcler genau &hellip; <a href=\"https:\/\/www.lauterbacher-musikschule.de\/?page_id=851\">Weiter<\/a><\/p>\n","protected":false},"author":1,"featured_media":852,"parent":177,"menu_order":0,"comment_status":"closed","ping_status":"closed","template":"","meta":{"kt_blocks_editor_width":"","footnotes":""},"class_list":["post-851","page","type-page","status-publish","has-post-thumbnail","hentry"],"_links":{"self":[{"href":"https:\/\/www.lauterbacher-musikschule.de\/index.php?rest_route=\/wp\/v2\/pages\/851","targetHints":{"allow":["GET"]}}],"collection":[{"href":"https:\/\/www.lauterbacher-musikschule.de\/index.php?rest_route=\/wp\/v2\/pages"}],"about":[{"href":"https:\/\/www.lauterbacher-musikschule.de\/index.php?rest_route=\/wp\/v2\/types\/page"}],"author":[{"embeddable":true,"href":"https:\/\/www.lauterbacher-musikschule.de\/index.php?rest_route=\/wp\/v2\/users\/1"}],"replies":[{"embeddable":true,"href":"https:\/\/www.lauterbacher-musikschule.de\/index.php?rest_route=%2Fwp%2Fv2%2Fcomments&post=851"}],"version-history":[{"count":7,"href":"https:\/\/www.lauterbacher-musikschule.de\/index.php?rest_route=\/wp\/v2\/pages\/851\/revisions"}],"predecessor-version":[{"id":913,"href":"https:\/\/www.lauterbacher-musikschule.de\/index.php?rest_route=\/wp\/v2\/pages\/851\/revisions\/913"}],"up":[{"embeddable":true,"href":"https:\/\/www.lauterbacher-musikschule.de\/index.php?rest_route=\/wp\/v2\/pages\/177"}],"wp:featuredmedia":[{"embeddable":true,"href":"https:\/\/www.lauterbacher-musikschule.de\/index.php?rest_route=\/wp\/v2\/media\/852"}],"wp:attachment":[{"href":"https:\/\/www.lauterbacher-musikschule.de\/index.php?rest_route=%2Fwp%2Fv2%2Fmedia&parent=851"}],"curies":[{"name":"wp","href":"https:\/\/api.w.org\/{rel}","templated":true}]}}