{"id":859,"date":"2018-02-26T18:11:47","date_gmt":"2018-02-26T17:11:47","guid":{"rendered":"http:\/\/www.lauterbacher-musikschule.de\/?page_id=859"},"modified":"2022-12-17T12:35:40","modified_gmt":"2022-12-17T11:35:40","slug":"band","status":"publish","type":"page","link":"https:\/\/www.lauterbacher-musikschule.de\/?page_id=859","title":{"rendered":"Band &#8211; Die Spezialisten"},"content":{"rendered":"<h1><img loading=\"lazy\" decoding=\"async\" class=\"alignleft wp-image-863\" src=\"http:\/\/www.lauterbacher-musikschule.de\/wp-content\/uploads\/2018\/02\/IMG_0021-300x225.jpg\" alt=\"\" width=\"500\" height=\"375\" srcset=\"https:\/\/www.lauterbacher-musikschule.de\/wp-content\/uploads\/2018\/02\/IMG_0021-300x225.jpg 300w, https:\/\/www.lauterbacher-musikschule.de\/wp-content\/uploads\/2018\/02\/IMG_0021-768x576.jpg 768w, https:\/\/www.lauterbacher-musikschule.de\/wp-content\/uploads\/2018\/02\/IMG_0021-1024x768.jpg 1024w, https:\/\/www.lauterbacher-musikschule.de\/wp-content\/uploads\/2018\/02\/IMG_0021.jpg 2049w\" sizes=\"auto, (max-width: 500px) 100vw, 500px\" \/><\/h1>\n<h1>Die Spezialisten<\/h1>\n<p>Die Spezialisten wurden im Jahr 2014 gegr\u00fcndet, doch damals waren sie noch ohne Namen. Die Idee war es eine musikalisches Angebot f\u00fcr Menschen mit und ohne Behinderung zu machen, in dem \u00e4ltere Jugendliche und Erwachsene mitspielen k\u00f6nnen. Mit der Behindertenhilfe Vogelsberg (bhvb), inzwischen Kompass Leben, wurde ein Partner gefunden, der half diese Idee umzusetzen. Die Mitspieler der Gruppe sind Mitarbeiter der Werkstatt Herbstein, und sie werden f\u00fcr die w\u00f6chentlichen Proben in der Musikschule von ihrer Arbeit freigestellt. Vor zwei Jahren kam uns der Name &#8222;Die Spezialisten&#8220; in den Sinn, denn das sind die Musikerinnen und Musiker. Jeder ist anders und gemeinsam ist inzwischen eine gut aufeinander eingespielte Band geworden, die eigene Arrangements erstellt und sogar eigene St\u00fccke textet und komponiert. Die Gruppe ist noch offen f\u00fcr weitere Mitspieler mit und ohne Behinderung, die Lust und Zeit haben am Dienstagvormittag mitzumachen.<\/p>\n<p><strong>Probe: Dienstag 9.30 Uhr\u00a0<\/strong><\/p>\n<p><strong>Gr\u00fcndung: 2014<\/strong><\/p>\n<p><strong>Besetzung:<\/strong> Perkussionsinstrumente, Schlagzeug, Fl\u00f6te, Saxophon, Trompete, Gitarre, E-Bass, Keyboard, Gesang<\/p>\n<p><strong>noch gesucht:<\/strong> Musikerinnen und Musiker mit und ohne Behinderung<\/p>\n<p><strong>Voraussetzungen:<\/strong> Grundkenntnisse<\/p>\n<p><strong>Leitung: Elke Saller, Klaus Scheuer, Carolin Henningsen, Thomas Fischer, Dino Wurtinger<\/strong><\/p>\n<p><i>Das Lehrerteam von f\u00fcnf Musiklehrern arbeitet seit Jahren mit Menschen mit und ohne Behinderung zusammen. Klaus Scheuer ist Musiklehrer f\u00fcr Menschen mit Behinderung an Musikschulen. Elke Saller leitete lange Zeit die Band Komet in Alsfeld. Die Finanzierung des Projekts wird durch Mittel des Hessischen Ministeriums f\u00fcr Wissenschaft und Kunst erm\u00f6glicht.<\/i><\/p>\n","protected":false},"excerpt":{"rendered":"<p>Die Spezialisten Die Spezialisten wurden im Jahr 2014 gegr\u00fcndet, doch damals waren sie noch ohne Namen. Die Idee war es eine musikalisches Angebot f\u00fcr Menschen mit und ohne Behinderung zu machen, in dem \u00e4ltere Jugendliche und Erwachsene mitspielen k\u00f6nnen. Mit &hellip; <a href=\"https:\/\/www.lauterbacher-musikschule.de\/?page_id=859\">Weiter<\/a><\/p>\n","protected":false},"author":1,"featured_media":863,"parent":177,"menu_order":0,"comment_status":"closed","ping_status":"closed","template":"","meta":{"kt_blocks_editor_width":"","footnotes":""},"class_list":["post-859","page","type-page","status-publish","has-post-thumbnail","hentry"],"_links":{"self":[{"href":"https:\/\/www.lauterbacher-musikschule.de\/index.php?rest_route=\/wp\/v2\/pages\/859","targetHints":{"allow":["GET"]}}],"collection":[{"href":"https:\/\/www.lauterbacher-musikschule.de\/index.php?rest_route=\/wp\/v2\/pages"}],"about":[{"href":"https:\/\/www.lauterbacher-musikschule.de\/index.php?rest_route=\/wp\/v2\/types\/page"}],"author":[{"embeddable":true,"href":"https:\/\/www.lauterbacher-musikschule.de\/index.php?rest_route=\/wp\/v2\/users\/1"}],"replies":[{"embeddable":true,"href":"https:\/\/www.lauterbacher-musikschule.de\/index.php?rest_route=%2Fwp%2Fv2%2Fcomments&post=859"}],"version-history":[{"count":9,"href":"https:\/\/www.lauterbacher-musikschule.de\/index.php?rest_route=\/wp\/v2\/pages\/859\/revisions"}],"predecessor-version":[{"id":2377,"href":"https:\/\/www.lauterbacher-musikschule.de\/index.php?rest_route=\/wp\/v2\/pages\/859\/revisions\/2377"}],"up":[{"embeddable":true,"href":"https:\/\/www.lauterbacher-musikschule.de\/index.php?rest_route=\/wp\/v2\/pages\/177"}],"wp:featuredmedia":[{"embeddable":true,"href":"https:\/\/www.lauterbacher-musikschule.de\/index.php?rest_route=\/wp\/v2\/media\/863"}],"wp:attachment":[{"href":"https:\/\/www.lauterbacher-musikschule.de\/index.php?rest_route=%2Fwp%2Fv2%2Fmedia&parent=859"}],"curies":[{"name":"wp","href":"https:\/\/api.w.org\/{rel}","templated":true}]}}

<h1><img loading="lazy" decoding="async" class="alignleft wp-image-863" src="http://www.lauterbacher-musikschule.de/wp-content/uploads/2018/02/IMG_0021-300x225.jpg" alt="" width="500" height="375" srcset="https://www.lauterbacher-musikschule.de/wp-content/uploads/2018/02/IMG_0021-300x225.jpg 300w, https://www.lauterbacher-musikschule.de/wp-content/uploads/2018/02/IMG_0021-768x576.jpg 768w, https://www.lauterbacher-musikschule.de/wp-content/uploads/2018/02/IMG_0021-1024x768.jpg 1024w, https://www.lauterbacher-musikschule.de/wp-content/uploads/2018/02/IMG_0021.jpg 2049w" sizes="auto, (max-width: 500px) 100vw, 500px" /></h1>
<h1>Die Spezialisten</h1>
<p>Die Spezialisten wurden im Jahr 2014 gegründet, doch damals waren sie noch ohne Namen. Die Idee war es eine musikalisches Angebot für Menschen mit und ohne Behinderung zu machen, in dem ältere Jugendliche und Erwachsene mitspielen können. Mit der Behindertenhilfe Vogelsberg (bhvb), inzwischen Kompass Leben, wurde ein Partner gefunden, der half diese Idee umzusetzen. Die Mitspieler der Gruppe sind Mitarbeiter der Werkstatt Herbstein, und sie werden für die wöchentlichen Proben in der Musikschule von ihrer Arbeit freigestellt. Vor zwei Jahren kam uns der Name &#8222;Die Spezialisten&#8220; in den Sinn, denn das sind die Musikerinnen und Musiker. Jeder ist anders und gemeinsam ist inzwischen eine gut aufeinander eingespielte Band geworden, die eigene Arrangements erstellt und sogar eigene Stücke textet und komponiert. Die Gruppe ist noch offen für weitere Mitspieler mit und ohne Behinderung, die Lust und Zeit haben am Dienstagvormittag mitzumachen.</p>
<p><strong>Probe: Dienstag 9.30 Uhr </strong></p>
<p><strong>Gründung: 2014</strong></p>
<p><strong>Besetzung:</strong> Perkussionsinstrumente, Schlagzeug, Flöte, Saxophon, Trompete, Gitarre, E-Bass, Keyboard, Gesang</p>
<p><strong>noch gesucht:</strong> Musikerinnen und Musiker mit und ohne Behinderung</p>
<p><strong>Voraussetzungen:</strong> Grundkenntnisse</p>
<p><strong>Leitung: Elke Saller, Klaus Scheuer, Carolin Henningsen, Thomas Fischer, Dino Wurtinger</strong></p>
<p><i>Das Lehrerteam von fünf Musiklehrern arbeitet seit Jahren mit Menschen mit und ohne Behinderung zusammen. Klaus Scheuer ist Musiklehrer für Menschen mit Behinderung an Musikschulen. Elke Saller leitete lange Zeit die Band Komet in Alsfeld. Die Finanzierung des Projekts wird durch Mittel des Hessischen Ministeriums für Wissenschaft und Kunst ermöglicht.</i></p>

<p>Die Spezialisten Die Spezialisten wurden im Jahr 2014 gegründet, doch damals waren sie noch ohne Namen. Die Idee war es eine musikalisches Angebot für Menschen mit und ohne Behinderung zu machen, in dem ältere Jugendliche und Erwachsene mitspielen können. Mit &hellip; <a href="https://www.lauterbacher-musikschule.de/?page_id=859">Weiter</a></p>
